{"id":13,"date":"2025-05-26T14:35:36","date_gmt":"2025-05-26T13:35:36","guid":{"rendered":"https:\/\/kiwiwiki.kiwanis.eu\/?page_id=13"},"modified":"2025-11-04T23:09:30","modified_gmt":"2025-11-04T22:09:30","slug":"wiki-home","status":"publish","type":"page","link":"https:\/\/kiwiwiki.kiwanis.eu\/index.php\/en\/wiki-home\/","title":{"rendered":"WiKi Home EN"},"content":{"rendered":"\n<pre class=\"wp-block-code\"><code>-----------------------------------------------------------------------------\nEN\n<em>This is the Kiwanis Wiki site containing project run by Kiwanis Clubs in Europe. <strong>This site is in development.<\/strong> Should you have questions or remarks contact the Kiwanis Gent office. <\/em>\n\nDE\nDies ist die Kiwanis-Wiki-Website mit Projekten, die von Kiwanis-Clubs in Europa durchgef\u00fchrt werden. <strong>Diese Website befindet sich derzeit im Aufbau.<\/strong> Bei Fragen oder Anmerkungen wenden Sie sich bitte an das Kiwanis-B\u00fcro in Gent. \n\nIT\nQuesto \u00e8 il sito Kiwanis Wiki che contiene i progetti gestiti dai Kiwanis Club in Europa. <strong>Il sito \u00e8 in fase di sviluppo.<\/strong> Per domande o commenti, contattare l'ufficio Kiwanis Gent. <em>\n<\/em>\nFR\nCe site Kiwanis Wiki pr\u00e9sente les projets men\u00e9s par les clubs Kiwanis en Europe. <strong>Ce site est en cours de d\u00e9veloppement.<\/strong> Pour toute question ou remarque, veuillez contacter le bureau Kiwanis Gent. \n\nNL<em>\nDit is de Kiwanis Wiki site met projecten zoals uitgevoerd door Kiwanis Clubs in Europa. <strong>Deze site is in ontwikkeling<\/strong>. Mocht je vragen hebben neem contact op met de secretaris van District Nederland.<\/em>\n-----------------------------------------------------------------------------<\/code><\/pre>\n\n\n\n<p><\/p>\n","protected":false},"excerpt":{"rendered":"","protected":false},"author":1,"featured_media":0,"parent":0,"menu_order":0,"comment_status":"closed","ping_status":"closed","template":"","meta":{"footnotes":""},"wf_page_folders":[],"class_list":["post-13","page","type-page","status-publish","hentry"],"_links":{"self":[{"href":"https:\/\/kiwiwiki.kiwanis.eu\/index.php\/wp-json\/wp\/v2\/pages\/13","targetHints":{"allow":["GET"]}}],"collection":[{"href":"https:\/\/kiwiwiki.kiwanis.eu\/index.php\/wp-json\/wp\/v2\/pages"}],"about":[{"href":"https:\/\/kiwiwiki.kiwanis.eu\/index.php\/wp-json\/wp\/v2\/types\/page"}],"author":[{"embeddable":true,"href":"https:\/\/kiwiwiki.kiwanis.eu\/index.php\/wp-json\/wp\/v2\/users\/1"}],"replies":[{"embeddable":true,"href":"https:\/\/kiwiwiki.kiwanis.eu\/index.php\/wp-json\/wp\/v2\/comments?post=13"}],"version-history":[{"count":11,"href":"https:\/\/kiwiwiki.kiwanis.eu\/index.php\/wp-json\/wp\/v2\/pages\/13\/revisions"}],"predecessor-version":[{"id":773,"href":"https:\/\/kiwiwiki.kiwanis.eu\/index.php\/wp-json\/wp\/v2\/pages\/13\/revisions\/773"}],"wp:attachment":[{"href":"https:\/\/kiwiwiki.kiwanis.eu\/index.php\/wp-json\/wp\/v2\/media?parent=13"}],"wp:term":[{"taxonomy":"wf_page_folders","embeddable":true,"href":"https:\/\/kiwiwiki.kiwanis.eu\/index.php\/wp-json\/wp\/v2\/wf_page_folders?post=13"}],"curies":[{"name":"wp","href":"https:\/\/api.w.org\/{rel}","templated":true}]}}